emainder when c is divided by 74?
73
Suppose -19*y + 5*y = -1484. What is the remainder when y is divided by 45?
16
Let k(p) = -83*p + 503. Calculate the remainder when 2/4 - (-22)/4 is divided by k(6).
1
Suppose -t - 7 + 44 = 0. Calculate the remainder when t is divided by 16.
5
Suppose 10537 = 34*t - 4015. Calculate the remainder when t is divided by 11.
10
Let c = 1518 + -1495. Calculate the remainder when 51 is divided by c.
5
Suppose 5 = 4*r - 7. Let p(j) = j + 2. Let x be p(r). Suppose 68 = -0*w + 5*w - 4*n, 4*w - x*n - 49 = 0. What is the remainder when 63 is divided by w?
15
Let c(h) = h**3 + h + 41. Let p(w) = -2*w**3 + 5*w**2 + 20*w - 10. What is the remainder when c(0) is divided by p(4)?
19
Let o = 7 + -2. Suppose 17 = 3*p + 5. Suppose -2*y - 12 = -2*k - p*y, -k = -4*y - 16. What is the remainder when k is divided by o?
3
Suppose 11*f - 238 - 312 = 0. Calculate the remainder when 195 is divided by f.
45
Suppose 0 = -4*c + 2*o + 3034, 2*c = -3*o + 1931 - 394. What is the remainder when c is divided by 9?
5
Let p(d) = d**3 + 8*d**2 - 3*d - 11. Let u = 4 + -11. What is the remainder when 173 is divided by p(u)?
55
Suppose -48 = -2*u + 4*h, -20 = -0*h + 4*h. Suppose -40 = 3*x + 2*x. Let r = x + 63. What is the remainder when r is divided by u?
13
Let o(h) = -3. Let m(a) be the first derivative of a**2/2 + 2*a - 2. Let n(r) = -3*m(r) - 2*o(r). Calculate the remainder when 16 is divided by n(-2).
4
Let o = 99 - -109. Calculate the remainder when o is divided by 11.
10
Calculate the remainder when (-4)/(-26)*-1 + (-724175)/(-1079) is divided by 27.
23
Let j(z) = -z + 4. Let o be (7 - 8)/((-2)/68). Suppose 2*q - o = 28. Calculate the remainder when q is divided by j(-4).
7
Let j(f) = f**2 - 5*f + 10. What is the remainder when 2 - (-1 + (-20)/5) is divided by j(4)?
1
Let n be (-10)/(-65) - 306/(-39). Suppose -5*r + 27 = 2*q, -3*r - 2*r - q + 26 = 0. What is the remainder when 98 is divided by -10*(-4)/n*r?
23
Let t = -180 - -760. What is the remainder when t is divided by 31?
22
Suppose -5*l = -l - 12. Suppose l*u = 4*y + 204, 0 = -7*y + 2*y. What is the remainder when u is divided by 14?
12
Let y = 1171 - 1009. Calculate the remainder when y is divided by 94.
68
Suppose 2*a - 214 = -4*y, -4*y - 510 = -5*a - 9*y. Let s(o) = -o**3 + 5*o**2 + 9*o - 8. Calculate the remainder when a is divided by s(6).
7
Let q(g) = g**2 - 17*g + 19. Let b be q(16). Suppose -c + 3*c = b*x + 82, -5*c + 205 = 4*x. Calculate the remainder when c is divided by 15.
11
Let j be (4/40*24)/((-3)/(-50)). Let r = 2 + j. Calculate the remainder when r is divided by 11.
9
Suppose -3*s + 6 = 5*j - 92, -76 = -2*s + 2*j. Calculate the remainder when 86 is divided by s.
14
Let b(n) = 53*n + 13. Let q(g) = -80*g - 20. Let y(c) = -8*b(c) - 5*q(c). Calculate the remainder when y(-2) is divided by 24.
20
Let k(r) = r**2 + 21*r + 52. Let i be (-1)/(-2) - (-18)/4. What is the remainder when i/20 - (-998)/8 is divided by k(-20)?
29
Suppose 11 = t - 5*s - 48, -5*t + 2*s = -226. Suppose 5*u = 4*r + 11, 4*r + 17 = r - 5*u. Calculate the remainder when t is divided by 116/8 - 2/r.
14
Suppose -4*h = -4*o - o - 25, -5*o - 5*h = -20. Let x = o - -18. Calculate the remainder when 100 is divided by x.
15
Let u = -1084 - -1190. What is the remainder when u is divided by 42?
22
Let j(v) = -3 - 11*v + 0 + 15*v. Let l be j(-4). Let p = l + 28. What is the remainder when 26 is divided by p?
8
Let r = 967 + -903. Calculate the remainder when r is divided by 28.
8
Let b = 8 - -13. Calculate the remainder when 76 + ((-220)/(-40) - 1/2) is divided by b.
18
Suppose 0*x - 6*x - 3*x = 0. Suppose -3*w + 18 - 9 = x. What is the remainder when 11 is divided by w?
2
Let y(m) = -m**2 + 12*m + 6. Let j = 188 - 112. Suppose 54 = 2*u - j. Calculate the remainder when u is divided by y(11).
14
Let l(c) = 5*c**2 - c - 1. Suppose -5*j + 3 = -2*n + 4*n, -2*j - 2 = 4*n. Let x(h) = 30*h**2 + 1. What is the remainder when x(n) is divided by l(2)?
14
Let m(q) = -q**3 + 9*q**2 + 3*q - 1. Let s(k) = -k. Let p be s(-12). Calculate the remainder when m(9) is divided by (-14 + p)*(-6 - 1).
12
Let x = -83 - -138. What is the remainder when x is divided by 1136/56 - (3 - (-38)/(-14))?
15
Let i(j) = j**2 - 6*j + 1. Let y(l) = 5*l - 5. Let u be y(-2). Let o be ((-18)/u)/1*5. What is the remainder when 3 is divided by i(o)?
0
Let t = 273 + -253. What is the remainder when 179 is divided by t?
19
Let i be 4*(-6)/(-12)*(-15)/(-6). What is the remainder when i/4 + 1/(-4) + 121 is divided by 32?
26
Let a = -8 - -11. Suppose 171 = -5*v + a*q - 2*q, 3*q - 93 = 3*v. Let r = -22 - v. Calculate the remainder when 88 is divided by r.
10
Let c = 84 + -77. What is the remainder when 99 is divided by (9 - 70/c)/(1/(-17))?
14
Let g = 21 - 25. What is the remainder when 52/g*(0 - (-4)/(-2)) is divided by 15?
11
Suppose -69*j + 295 = -64*j. Calculate the remainder when j is divided by 9.
5
Let h(p) = p**3 + 9*p**2 + 9*p + 10. Let q be h(-8). Suppose -4*b - 2*n + 238 = n, 4*n + 130 = q*b. What is the remainder when b is divided by 21?
19
Let d = 23 + -21. Suppose 2*p + d = 8. Suppose -300 = -p*b - 45. What is the remainder when b is divided by 29?
27
What is the remainder when (10/30)/((-2)/(-534)) is divided by 260/15 - (-2)/3?
17
Suppose 3 = -3*u + 5*t, -5*t - 2 = 2*u - 3*t. Let x be (-6)/7*u*7. Calculate the remainder when 254/x - (-2)/(-6) is divided by 15.
12
Let s = 1318 - 1240. Calculate the remainder when s is divided by 54.
24
Suppose 2*l - 8 - 14 = 0. Let q = -20 + l. Calculate the remainder when -3*(-22)/(-9)*q is divided by 17.
15
Let n = 83 + -31. Let a be (-18)/(9/(-3)) + -3. Suppose 6*w = a*w + 33. What is the remainder when n is divided by w?
8
Let z(a) = -8*a + 109. Calculate the remainder when z(-14) is divided by 37.
36
Let i(t) = t**3 + 6*t**2 - 18*t - 16. Calculate the remainder when 729 is divided by i(-7).
58
Let n = -248 - -332. What is the remainder when n is divided by 34?
16
Calculate the remainder when 122 is divided by (-3)/((-75)/635) + (-2)/5.
22
What is the remainder when 4389/24 - 1 - (-55)/440 is divided by 21?
14
Let x(h) = h**3 - 3*h**2 - 13*h - 5. Let f(q) = 2*q + 3. What is the remainder when x(6) is divided by f(5)?
12
Suppose 3*u + 3*n = 126, 5*u + 0*n - 2*n - 189 = 0. What is the remainder when u is divided by 16?
7
Suppose 2*s = 2*a - 0*a - 44, 0 = 2*s - 5*a + 38. Let p(c) = 12*c - 17. What is the remainder when p(6) is divided by (-167)/(-6) + (-4)/s?
27
Let m be (-7647)/(-27) + -3 + 2/(-9). Suppose 4*c - 76 = 4*l - m, -5*l - 4*c + 300 = 0. Let w = -31 - -46. Calculate the remainder when l is divided by w.
11
Calculate the remainder when 2 - 26*3/(-2) is divided by (30/25)/(-2) + (-58)/(-5).
8
Suppose -191 = 2*i - 201. Suppose 5*a + 5 = 0, -i*a = -4*h + 3 + 6. Calculate the remainder when 1 is divided by h.
0
Suppose 0 = -3*j + 4*j - 10. Let k(p) = -p + 16. What is the remainder when k(j) is divided by 2?
0
Let z(w) = 12*w**2 + 5*w + 5. Let x be z(-3). Let y = x - 79. Calculate the remainder when y is divided by 15.
4
Suppose 0 = -0*h - 2*h - 336. What is the remainder when ((-336)/(91/(-13)))/(2/2) - 5 is divided by h/(-15) - 2/10?
10
What is the remainder when 4 - (51 - 3)/(-3) is divided by 11?
9
Suppose 1230 = -6*n - 0*n. Let f = n + 331. What is the remainder when f is divided by 32?
30
Let l = 236 - 70. Calculate the remainder when l is divided by 14.
12
Let p(h) = -73*h - 116. Calculate the remainder when p(-4) is divided by 91.
85
Let z(y) = y**2 - 6*y + 21. Suppose 5*j = 5*l, j + j - 5*l - 3 = 0. Let n(i) = 18*i**2 - 1. Calculate the remainder when z(9) is divided by n(j).
14
Let l(r) be the first derivative of -r**4/4 - 10*r**3/3 - 15*r**2/2 - 13*r + 13. What is the remainder when l(-9) is divided by 11?
8
What is the remainder when 3*(-16)/6*(-95)/10 is divided by 24?
4
Suppose 3*z - 269 + 89 = 0. What is the remainder when 297 is divided by z?
57
Let c(u) = 11*u + 6*u**3 + 7*u - 9*u**2 - 13 - 2*u - 7*u**3. Let s = 42 - 24. What is the remainder when c(-11) is divided by s?
17
Let j(y) = 8*y + 66. Calculate the remainder when j(16) is divided by 54.
32
Let u(q) = 5 + 10*q - 6 + 13*q + 10*q**2 - q**3 - 8*q. Calculate the remainder when u(11) is divided by 11.
10
Let w be -1*(-3)/(-3)*1. C